 h + 1254. What is the hundreds digit of s?
5
Let y = 4088 - 2310. What is the tens digit of y?
7
Let a = 10061 - 8934. What is the tens digit of a?
2
Let d = 36684 - 11078. What is the hundreds digit of d?
6
Let k be (-4)/(-3)*(-18)/(-12)*5. Suppose -4*q + 270 + k = 0. Let i = 68 + q. What is the units digit of i?
8
Let g be 0 - (-1 + 2 + -1). Suppose 0 = -5*n - 5*j + 5, 5*n - 455*j + 453*j = 12. Suppose g = -n*b + 160 + 226. What is the tens digit of b?
9
Let v be (-2 - (-1)/2)/(15/(-30)). Suppose 2*y = 2*z - 152, -2*z + 158 = 7*y - v*y. What is the tens digit of z?
7
Let q(h) = -7*h + 7. Let b(o) = 1. Let u(i) = -5*b(i) - q(i). Let s be u(2). Suppose -5*f + 429 = -s*f. What is the hundreds digit of f?
1
Suppose -28*i + 6*i + 6693 + 2261 = 0. What is the tens digit of i?
0
Suppose 0 = -11*m + 19 + 36. Suppose -m*v = -6*v + 2. Suppose -4*i + 341 = -4*l + 1, -v*i + 5*l + 170 = 0. What is the tens digit of i?
8
Let k(z) = 2*z**2 - 7*z + 13. Let i be k(-7). Let o = -17 + 23. Suppose -o*b - i = -682. What is the tens digit of b?
8
Let w = -97 - -151. Let p = w - 48. What is the tens digit of 766/p - (102/18 - 5)?
2
What is the thousands digit of (-2)/9 + 11/(1386/1089046) + 0?
8
Suppose 152*r = 86*r + 2348544. What is the hundreds digit of r?
5
Suppose -7*q = 9*q - 96. Suppose 102 = q*a - 42. What is the tens digit of (-2 + -1)/(-1)*856/a?
0
Let u(p) = -p**3 - 9*p**2 + 11*p + 51. Let m(h) = -2*h**2 - 15*h + 50. Let w be m(3). What is the hundreds digit of u(w)?
5
Let u(o) = 10*o**2 - 17*o + 606. What is the tens digit of u(28)?
7
Let r be 1*-12 + 1 + -1. Let z = -14 - r. What is the units digit of (-37)/z - 24/16?
7
Let z be 2/(-4) - 659/2. Suppose y = 2*s - 546, -256*y - 2*s = -260*y - 2208. Let b = z - y. What is the hundreds digit of b?
2
Let g be (17 + 119)/((-1)/25). What is the hundreds digit of ((-2)/5)/(8/g)?
1
Let n be (4/8)/((-5)/(-2930)). Let c = 1323 - n. What is the units digit of c?
0
Suppose 72915 = 3*s + 3*y, -17850 - 30762 = -2*s - 3*y. What is the tens digit of s?
0
Suppose 22*d = 19485 + 887. What is the units digit of d?
6
Suppose -4*i - 4*q + 2*q = -32, -4*q = 3*i - 34. Suppose -587*t = -593*t + 138. Suppose -t = -7*r + i*r. What is the units digit of r?
3
Let t(j) = j**3 + 4*j**2 - 30*j - 2. Let m be t(-7). Suppose m*x - 60*x - 1065 = 0. What is the units digit of x?
5
Let m(y) = 7908*y**2 + 232*y + 234. What is the tens digit of m(-1)?
1
Let f(s) = -15*s + 5 + 77*s**2 + 83*s**2 - 159*s**2. What is the hundreds digit of f(22)?
1
Suppose 3*b + 4*b - 2317 = 0. Let g = b + -164. What is the hundreds digit of g?
1
Let q = 46495 + -25519. Suppose 5*u + 11*u = q. What is the hundreds digit of u?
3
Let v(d) = 2*d**2 + 5*d - 3. Let p be v(1). Suppose -p*x - 325 = -1401. What is the tens digit of x?
6
Suppose 0*t = 13*t - 273. What is the units digit of (-3)/((-21)/2) - (-2745)/t?
1
Let n(y) = 10*y**2 - y - 4. Let b be n(2). Suppose -412 = -b*w + 33*w. What is the tens digit of w?
1
Suppose -44*y - 16906 + 245826 = -4*y. What is the thousands digit of y?
5
Let a be ((-42)/8)/(1/(-8)). Suppose 0 = -47*w + 43*w + i + 49, 32 = 3*w + 4*i. What is the units digit of w/(51/a - 1)?
6
Let f(i) = -2*i**2 - 30*i + 3. Let j be f(-15). Suppose -71*n + 902 = -69*n - 3*r, -1353 = -j*n - r. What is the tens digit of n?
5
Let n = -2297 - -36541. What is the ten thousands digit of n?
3
Let n(k) = -106*k - 94. Let h be n(-7). What is the units digit of (h/20)/((-4)/(-10))?
1
Suppose -2167 - 1221 = -7*n. Suppose 2*r + n = s, 5*s - 1482 = 2*s - 4*r. What is the units digit of s?
0
Suppose 3*r - 293 = 2*m, -2*m = -r - 4*m + 87. Let k be (43 + -2)*-2 + -1. Let l = r + k. What is the units digit of l?
2
Let l(u) = u**3 + 45*u**2 - 69*u + 20. What is the units digit of l(-42)?
0
Let d be 6/1*(-1)/(-2). Let c(j) be the third derivative of j**4/24 - j**3/6 + 875*j**2. What is the units digit of c(d)?
2
Suppose -5*d + 46 - 11 = 0. Let h(f) = 0*f**2 + f + 26 - 32 + 8*f**2 + 25*f**3 - 4*f - 26*f**3. What is the units digit of h(d)?
2
Suppose -19*w = -32*w. Let o(g) = g**3 - 3*g**2 - 4*g + 3. Let i be o(4). Suppose w = -i*h - 88 + 241. What is the units digit of h?
1
Let v = -71 - -87. Suppose -7*t + v = 2. Suppose -45 - 123 = -t*i. What is the units digit of i?
4
Suppose -5*c - 4651 = -2*j + 420, 5*j + 5*c - 12695 = 0. Suppose -135*l + j = -132*l. What is the units digit of l?
6
Suppose -22*h + 20*h + 7660 = -2*v, -v = -5*h + 19122. What is the hundreds digit of h?
8
Suppose -4*r + 193786 = 2*h, 7*h = 2*r + 6*h - 96887. What is the ten thousands digit of r?
4
Suppose 2*k + 15*c - 13*c - 106662 = 0, -2*k + 106669 = 3*c. What is the tens digit of k?
2
Let j(m) = -m**3 - 11*m**2 + 11*m - 10. Let p be 1*(-2 + -3)*1. Let o = p + -7. What is the units digit of j(o)?
2
What is the hundreds digit of 13/91 - (-449847)/(-14)*-2?
2
Suppose 10 = -841*p + 839*p. What is the units digit of (753 - (-1 + 0)) + p?
9
Suppose 23*i - 26*i = -2874. Suppose -i - 2357 = -17*j. What is the hundreds digit of j?
1
Suppose -28 = -169*p + 808 + 685. Let n be (-4)/6 + 608/3. What is the units digit of 27/p + n/1?
5
Suppose 10949 + 39103 = 5*g - 70888. What is the thousands digit of g?
4
Let r(g) = 22 - 32 - 6*g**2 + 3*g**2 + g**3 - 17*g. What is the tens digit of r(8)?
7
Suppose -7*p - 14121 - 59394 = -22*p. What is the hundreds digit of p?
9
Suppose -3*o - 252 = -0*o. Let q = o + 86. Suppose -2*d = -w + 179, q*w - 175 = d + 177. What is the tens digit of w?
7
Let x = -16925 - -44537. What is the thousands digit of x?
7
What is the hundreds digit of 59202 + 37/((-148)/36)?
1
Suppose 24090 = 2*a + i, -22*a - 4*i + 60219 = -17*a. What is the tens digit of a?
4
Let y = -15119 + 16914. What is the tens digit of y?
9
Let i = -63 - -67. Let g(a) = 115*a - i*a - 22 + 37. What is the hundreds digit of g(2)?
2
Let k(i) = -34*i - 516 + 2003 + 23*i. What is the units digit of k(0)?
7
Let t(v) = -v**2 - 87*v - 88. Suppose 34*w = 14*w - 720. What is the units digit of t(w)?
8
Suppose 25*d - 15236 - 5439 = 0. Let y = d + 10. What is the tens digit of y?
3
Suppose 0 = 67*h - 69*h + 4*p + 16042, 3*h - 5*p - 24060 = 0. What is the thousands digit of h?
8
Let b(p) = -p**2 + 12. Let a be b(-7). Let t = -48 - a. Let o = 46 + t. What is the units digit of o?
5
Let d(p) = 56*p**2 + 3*p + 1. Let g be d(3). Suppose -q = -3*q + g. Suppose q = -7*l + 635. What is the units digit of l?
4
Let s(k) = -k**3 + 80. Suppose l - 4 = -l. Suppose 5*o + 2*r = -2, -l*o + r = -4*r - 5. What is the tens digit of s(o)?
8
Let n be (-261)/(-6)*(-1 + (-5)/(-15)). Let t = n - -30. What is the units digit of t*(5 + 1 - 5)?
1
What is the hundreds digit of (-25 - (-76272 - -16)) + 12?
2
Suppose -3198 = 8*w - 694. Let d = 596 + w. What is the hundreds digit of d?
2
Let p = 8 - 5. Suppose p*v = 6*v - 756. Suppose 0 = 21*y - 25*y + v. What is the units digit of y?
3
What is the thousands digit of (((-3)/12)/((-20)/220520))/((-1)/(-4))?
1
What is the tens digit of ((35/21)/((-14)/(-4802)))/(2/114)?
8
Let x = 97 - 109. Let c be (-1 + 0 + 1)*(-11 - x). Suppose c = 5*n - 2*n - 5*a - 260, -n = a - 100. What is the units digit of n?
5
Let m = 68464 - 38027. What is the ten thousands digit of m?
3
Suppose 0 = 2*h - 3*o - 133318, 165935 = 4*h - 5*o - 100709. What is the units digit of h?
1
Let u = 39 - -18. What is the hundreds digit of u*114/18 - (0 - 1)?
3
Let x(w) = -4*w - 62. Let c be x(-15). Let m be c*2*(-2)/(-16)*-6. Suppose 0 = -m*r + 4*r - 132. What is the units digit of r?
2
Let t = -12 + 16. Suppose 5*y + 0*h = 5*h + 1170, -5*y + t*h + 1174 = 0. What is the hundreds digit of y?
2
Suppose -2*u = 5*d - 69, 0 = d - 5*u + 3*u - 9. Suppose 3*o = -y + 383, 5*y - 492 = -4*o + 4. Suppose 12*k - d*k = -o. What is the hundreds digit of k?
1
Suppose -4*h - 2*k = -6 - 56, -6 = -2*k. Let a = h - 5. Suppose -864 = -0*r - a*r. What is the tens digit of r?
9
Suppose 0 = -39*t + 28*t + 8162. What is the units digit of (6/4)/(763/t - 1)?
3
What is the units digit of (342/36)/(16/58016)?
7
Let m be 8 - (1 + -1 + 3). Let o(b) = 147*b - 130. What is the units digit of o(m)?
5
Let s(k) = -k**2 + 67*k + 555. What is the tens digit of s(41)?
2
Let o(c) = -8*c + 11. Let m = -28 + 25. Let h(t) = -231*t + 319. Let u(k) = m*h(k) + 88*o(k). What is the units di